25*y - 26808. List the prime factors of y.
3, 17, 167
Let c be (54/12)/(-9) + (-10)/4. Let h be (8/6 + -1)/(c/(-1251)). Suppose -h = -2*f + 65. List the prime factors of f.
2, 3, 17
Let k(q) = -q**3 - 12*q**2. Let g be k(-12). Let b be g/(-3)*(-3)/(-12). List the prime factors of b + (1504/(-12))/((-4)/6).
2, 47
Let i = 415 + -232. Suppose -i = 465*r - 468*r. What are the prime factors of r?
61
What are the prime factors of (40059/12)/(17/((-4080)/(-36)))?
5, 4451
Let u = -1192 - -5743. What are the prime factors of u?
3, 37, 41
Suppose -s + 0*s + 3*z = 0, 0 = s + 3*z - 6. Suppose 8*q = 24 + 24. Suppose -s*o = -9 - q. What are the prime factors of o?
5
Suppose o + 24 = -2*o. Let p(a) = -2*a + 38. Let b(u) = 5*u - 75. Let q(y) = 3*b(y) + 7*p(y). List the prime factors of q(o).
3, 11
Suppose 3 - 1 = -o. Let r = 1069 - 1165. What are the prime factors of ((-29)/o)/((-16)/r)?
3, 29
Let u be ((-6)/5)/((16/(-145))/8). Let c = u + -85. Suppose c*r - 2*v = -v + 325, 5*v - 520 = -3*r. List the prime factors of r.
3, 5, 11
Let j(w) = 63*w**2 - 193*w - 2987. List the prime factors of j(-17).
3, 7, 881
Suppose 0 = 5*f - 3*m - 3430, -3*f + 1206 = 2*m - 871. Let l = -283 + f. List the prime factors of l.
2, 7, 29
Suppose 1105282 = 360*b - 9356318. List the prime factors of b.
2, 5, 1453
Let s(j) = -j**2 - 14*j - 32. Let d be s(-11). Let h(y) = 4*y**3 - 1. Let u be h(d). Let b(c) = 25*c**2 + 9. What are the prime factors of b(u)?
2, 3, 13
Suppose -5*x = 4*x - 27. Let n(q) = 5*q - 15 - 22 + 39 - q**2 - 2*q**x. List the prime factors of n(-4).
2, 47
Let s(z) = 12*z**3 + z**2 - 11*z + 15. Let q be s(3). Let j = q - 288. List the prime factors of j.
3
Let d be ((-4)/(-6) - -2)*(36 - 33). Suppose d*h - 16362 = -19*h. What are the prime factors of h?
2, 3, 101
Suppose -7 = 5*r + 13. Let h(d) be the third derivative of d**5/20 + 4*d**3/3 + 59*d**2. List the prime factors of h(r).
2, 7
Let j(r) = 20 + 24*r + 61*r - 3*r**2 - 15*r + 16*r**2. What are the prime factors of j(-10)?
2, 5, 31
Suppose 0 = -d + 3*s + 126 - 4, d = s + 120. Suppose 12*f + 37 - 5 = -4*f. List the prime factors of (d/3)/(28/12 + f).
7, 17
Suppose 0 = -8*y + 4*y + 8. Let z(m) = -8*m**y + 13*m + 3*m - m**3 - 32*m. List the prime factors of z(-8).
2
Let x(k) = -81*k + 30. Let z be x(-29). Let b = 3730 - z. What are the prime factors of b?
7, 193
Let a(h) = -h**3 - 6*h**2 + 3*h - 15. Let u be a(-5). Let l = -10 - u. Let z = l + 40. What are the prime factors of z?
5, 17
Let o(p) = 325*p - 189. Let u(l) = -162*l + 95. Let q(g) = 2*o(g) + 5*u(g). List the prime factors of q(-3).
577
Let p be 2054*3/(-9) + 2/3. Let i = p - -968. List the prime factors of i.
2, 71
Let v = 616 + -286. Suppose v = 4*x - 142. List the prime factors of x.
2, 59
Suppose -17 = 3*o - 77. What are the prime factors of 2 + 1 + (o - -52)?
3, 5
Let t(o) = 5*o - 227. Let x be t(46). What are the prime factors of 784/x + (-96)/72?
2, 5, 13
Let m = -31 + 28. Let q be (m + 0 - 0) + (2 - -391). Suppose -2*d + 7*d = q. What are the prime factors of d?
2, 3, 13
Let k(i) = -10*i - 5. Let f be k(1). Let m = 67 - f. Let o = -74 + m. List the prime factors of o.
2
Suppose 5*g + 12115 = -87*w + 89*w, -5*g - 24255 = -4*w. List the prime factors of w.
2, 5, 607
Suppose l - 5*l = -l. Suppose 12*n + 637 - 2785 = l. What are the prime factors of n?
179
Let h(n) = -194*n - 12 + 92*n + 3*n**2 + 96*n. Let a(q) = -2*q**2 + 5*q + 11. Let s(r) = 7*a(r) + 6*h(r). List the prime factors of s(-4).
73
Suppose 2*c - 2*q = 35090, 36*q - 70183 = -4*c + 39*q. What are the prime factors of c?
2, 41, 107
Let m = -4428 - -7548. Suppose 15*n + 0*n = m. List the prime factors of n.
2, 13
Let g be (-6)/(-2) - (6 + 97). Let c = 189 - g. List the prime factors of c.
17
Let i(j) = -6279*j + 2586. List the prime factors of i(-3).
3, 37, 193
Suppose 16*j + 2*x = 15*j + 3, 0 = -5*j - 2*x + 7. What are the prime factors of (j/3)/((-12)/(-26532)) - -2?
739
Let n(k) = k**2 + 5*k - 106. Let f be n(8). What are the prime factors of 5 + -2 + f + 8475/5?
2, 53
Let d(l) = 2*l - 141. Let u be d(-25). Let s = u - -518. What are the prime factors of s?
3, 109
Let d = 29080 + -20061. List the prime factors of d.
29, 311
What are the prime factors of (14 - (11 - 7)) + 1416?
2, 23, 31
Let q = 47213 + -22230. List the prime factors of q.
7, 43, 83
Suppose -3*f + 2149 = 7780. Let c = 3157 + f. List the prime factors of c.
2, 5
Let a = 1053 + -34. List the prime factors of a.
1019
Suppose -2*k + 610 = i, -1525 = -5*k - 7*i + 2*i. Suppose -9*n = -n. Suppose -5*t - 120 + k = n. List the prime factors of t.
37
Suppose 5*m + 9 + 16 = 0. Let c be (m - (-1 - 2)) + 5. Suppose -u - 2*u + 222 = 3*h, 224 = c*h + u. List the prime factors of h.
3, 5
Let g(z) = -134*z - 1. Let v be g(2). Let x = 135 + v. Let a = x - -232. What are the prime factors of a?
2, 7
Suppose b + 2*b = 0. Let f = 1357 - 1157. Suppose 8*o + b*o - f = 0. List the prime factors of o.
5
Let q = -143 - -251. Let d be 6170/18 + 24/q. Suppose d + 92 = 5*c. What are the prime factors of c?
3, 29
Let g(z) = -5*z**2 - 13*z - 30. Let k be g(30). What are the prime factors of ((-12)/30)/(4/k)?
2, 3, 41
Let y(o) = -3*o**2 + o + 2. Let k be y(2). Let p(s) = s**3 - 13*s**2 + 42*s - 11. Let a be p(8). List the prime factors of k/(-6) - ((-1128)/18 + a).
59
Suppose 7*j - 173 = 583. Suppose -114*x = -j*x - 48. List the prime factors of x.
2
Let p = 123 - 131. Let t be p/(-5) + 6/15. Suppose -5*d - 20 = 0, -t*b - 2*d + 154 = -0*b. What are the prime factors of b?
3
Let n be 15 + 5 + (2 - 5) + -3. Suppose 8*v + 18 = n*v. Suppose 2*f + v*f = 800. List the prime factors of f.
2, 5
Let t = -18 - -11. Let y(r) = 35*r**3 - 36*r**3 + 1 + 3 - 1 - 2 + 8*r - 5*r**2. What are the prime factors of y(t)?
43
Let w = 1159 - 1965. Let y = 1304 + w. What are the prime factors of y?
2, 3, 83
Let q be (-8)/(-12) - 40/6. Let w(j) = -7*j**2 + 3 - 7 - 8*j - j**3 + j**2 - j**2 + 3. What are the prime factors of w(q)?
11
List the prime factors of 26265 + -2 - (-49)/(-35)*5.
2, 3, 547
Let x be (1 - (-39225)/35) + (-4)/(-14). Let d = x + -798. What are the prime factors of d?
2, 3
List the prime factors of 11125/89*13*5.
5, 13
Let p = -102 + 114. Let b be 41/3*p/8*50. Suppose -5*q = b - 2435. What are the prime factors of q?
2, 3, 47
What are the prime factors of ((247856/(-24))/7 + 4)/(1/(-3))?
2, 2207
Let p(f) = 40*f**2 + 11*f - 31. Let u be p(3). Let m = 751 - u. List the prime factors of m.
389
Let u(j) = 2*j**3 - 26*j**2 - 28*j. Let w be u(14). Suppose -3*r - 5*r - 16 = w. Let x(v) = 25*v**2 + 5*v + 2. List the prime factors of x(r).
2, 23
Let c be (-1)/(-3) - (-22)/6. Let k be 42/(-147)*(-5 + -2). Suppose -2*v + 119 = -3*u, v - k*u - 77 = -c*u. What are the prime factors of v?
67
Let g be 2/2*(74 - 156/13). Suppose 1400 = g*k - 57*k. List the prime factors of k.
2, 5, 7
Let g(m) = 7*m + 8. Let b be g(3). Suppose 33*o - 24 = b*o. Suppose -2*l + 240 - 71 = -5*u, 2*u = o. What are the prime factors of l?
2, 23
Let v = 57352 - 33777. List the prime factors of v.
5, 23, 41
Let w = 20063 - 13111. What are the prime factors of w?
2, 11, 79
Suppose 2*i = -2*c + i + 7, -3*c + i + 8 = 0. Suppose 4*o - c*y = 103, 0*y = 4*o - 5*y - 105. Let z = o - 17. List the prime factors of z.
2
Let g(d) = -2*d**3 + 5*d**2 - 8*d + 2. Let f be g(1). What are the prime factors of 3 - (796/4)/(f + 2)?
2, 101
Suppose -7 = -8*b + 3*b + 2*r, -r + 10 = 2*b. List the prime factors of (3448 + 26)*(10/b + -3).
2, 3, 193
Let x(q) = q + 18. Suppose -66*s + 23 = -65*s. Suppose -5*h - s = -d + 4*d, 2*d - 2*h + 26 = 0. What are the prime factors of x(d)?
7
Let a = -41449 + 62960. List the prime factors of a.
7, 439
Suppose -y = 4*v + 9, 5*y - 2*v - 13 = 8. Let a be 205 - (3/3 + 0). Suppose 171 = y*x - a. What are the prime factors of x?
5
Let s = -11 - -17. Let u(v) = 2*v**3 - 37*v**2 - 5*v - 7. Let x(o) = o**3 - 18*o**2 - 3*o - 3. Let k(z) = s*u(z) - 13*x(z). What are the prime factors of k(12)?
3, 5, 7
Let v(g) = -7*g**3 + 6*g**2 + 9*g + 18. Suppose 18*l + 78 - 6 = 0. What are the prime factors of v(l)?
2, 263
Let r = 22886 - 4562. List the prime factors of r.
2, 3, 509
Let m(y) = y**3 + 34*y**2 + 81*y + 107. Let k(n) = n**3 + 34*n**2 + 81*n + 107. Let p(o) = 3*k(o) - 4*m(o). What are the prime fa